e remainder when o is divided by 9.
6
Let b = 255 - 244. Let i(r) = -3*r**3 - 3*r**2 + r + 2. Calculate the remainder when i(-3) is divided by b.
9
Suppose 0 = -3*v + 91 + 155. Let i = 189 - 161. Calculate the remainder when v is divided by i.
26
Let p be (-18)/2*(-4 + 51/9). Let i(c) = 11*c + 5. Let y be i(-4). Let a = p - y. Calculate the remainder when 46 is divided by a.
22
Let a = -7 - -1. Let o be a/4 - (-62)/4. Suppose 2*k = -2*s + o, -2*s = 3*s + 2*k - 41. What is the remainder when 32 is divided by s?
5
Let z = -46 - -52. Suppose 3*i - 5*q + 0*q - 32 = 0, -2*i - 12 = 5*q. Calculate the remainder when 17/2 - (0 - z/(-4)) is divided by i.
3
Let g(f) = f**2 - 19*f + 100. What is the remainder when 54 is divided by g(8)?
6
Suppose 740 = -97*m + 9082. Calculate the remainder when m is divided by 10.
6
Let x(k) = -2*k**3 + 35*k**2 + 23*k - 30. Let v be x(18). Let o = v + 1. Calculate the remainder when o is divided by ((-6)/8)/((-2)/56).
19
Suppose 5*k - 38 = r, 3*r - 12 = -2*k + 5*r. Suppose -k*d = -12*d + 52. Calculate the remainder when 62 is divided by d.
10
Let s(r) = r**3 - 26*r**2 - 30*r + 115. What is the remainder when 192 is divided by s(27)?
22
What is the remainder when 258 is divided by 46 - ((2 - 2) + -7)?
46
Let u be (6/4)/((-5)/(-10)). Suppose m - u*m - 2 = 0. What is the remainder when 7 is divided by 2/m*(1 + -2)?
1
Suppose 45 = 4*r - 3*w, 0*r - 2*r + 50 = 4*w. What is the remainder when r is divided by 12?
3
Suppose -4*d + 106 = -3*d. Let m = d - 73. Let i(x) = x**3 + 34*x**2 + 91*x - 44. Calculate the remainder when m is divided by i(-31).
15
Suppose -57*i = -38*i - 57. What is the remainder when 6*((-15)/2)/(-3) is divided by i?
0
Suppose 16*j - 731 = -j. Calculate the remainder when j is divided by 32.
11
Suppose 32*y = 4*y + 7000. What is the remainder when y is divided by 18?
16
Suppose 4*y + 5*u = -56 + 217, 120 = 3*y + 4*u. What is the remainder when y is divided by 1/((-2)/(-48) + 0)?
20
Let c = -9853 - -9890. Suppose 2*q - 5 = 3. What is the remainder when c is divided by q?
1
Let y(s) = 4*s + 49. Calculate the remainder when y(9) is divided by 23.
16
Let l(w) = w**2 - 5*w - 57. What is the remainder when l(13) is divided by (12/8)/(3/26)?
8
Suppose -2*v + 109 = 5*f - 4, -16 = -4*v. What is the remainder when 78 is divided by f?
15
Suppose -t = -6*t - 5. Let k(z) = -26*z - 1. What is the remainder when 95 is divided by k(t)?
20
Let a(b) = -5*b + 53. Let u = 34 - 6. What is the remainder when a(0) is divided by u?
25
Suppose 157 - 1031 = -23*d. Calculate the remainder when 71 is divided by d.
33
Suppose -144 = -x - z, -3*x + 426 = -536*z + 538*z. Let u = 67 + -39. Calculate the remainder when x is divided by u.
26
Let p(q) = q**2 - q - 8. Let a = -86 + -5. Let y be 2/13 - 532/a. What is the remainder when p(y) is divided by 8?
6
Let u = 262 + -372. Let h = u + 134. What is the remainder when 118 is divided by h?
22
Let n = -179 + 231. What is the remainder when 309 is divided by n?
49
Let i = -23 + 41. Let h = i - -2. Calculate the remainder when 97 is divided by h.
17
Suppose 0 = 18*s + 18*s - 53244. Calculate the remainder when s is divided by 13.
10
Let k = 204 - 168. Calculate the remainder when 106 is divided by k.
34
Suppose 0 = -2*k + 124 + 52. Let g = 3215 - 3200. Calculate the remainder when k is divided by g.
13
Let i be ((-8)/(-3))/(6/(-108)). Let y = -44 - i. Calculate the remainder when 6/15 - (-36)/10 is divided by y.
0
Suppose 3*x - 1044 = -3*x. Suppose h + x = 4*h. Calculate the remainder when h is divided by 30.
28
Suppose 0 = p + 4*p + 285. Let n be p/(-4)*104/(-39). Let c = -36 - n. Calculate the remainder when c is divided by 1.
0
Suppose 5*j = 2*f - 8, -f - j = j - 22. What is the remainder when f is divided by 3?
2
Let a = -8 - -13. Calculate the remainder when 104/14 + 28/49 is divided by a.
3
Let n = -302 + 350. What is the remainder when 94 is divided by n?
46
Let r(i) = -13*i + 1. Let p = -35 - -33. Let c = 28 + p. What is the remainder when c is divided by r(-1)?
12
Suppose 0 = 2*k - k - 3*v - 44, k - v = 42. What is the remainder when 153 is divided by k?
30
Let a(u) = 5*u**2 + 74*u + 59. What is the remainder when a(-15) is divided by 22?
8
Let p(z) = -18*z - 44. Calculate the remainder when 118 is divided by p(-3).
8
What is the remainder when (6557/249)/((-2)/(-3*2)) is divided by 37?
5
Let x(k) = -13*k - 1. Let n be x(-5). Suppose r + 6 = n. Suppose 0 = 18*w - 13*w - 75. What is the remainder when r is divided by w?
13
Let m(o) = -3*o**2 - 120*o - 45. What is the remainder when 935 is divided by m(-39)?
71
Suppose -86*v + 84*v + 282 = 0. Calculate the remainder when v is divided by 130.
11
What is the remainder when 247 is divided by (-6)/(-21) - 9486/(-217)?
27
Suppose 58*v - 4375 = 33*v. What is the remainder when v is divided by 11?
10
Suppose -4*l + 2*m + 24 = 0, l + 4*m + 6 = 2*l. Let b(z) = -z**3 + 6*z**2 + 3*z - 8. Calculate the remainder when 51/(-12)*(-4 + 0) is divided by b(l).
7
Let w(z) = -8*z + 10. Suppose -3*b - 4*a + 140 = -21, 0 = -b + 4*a + 43. Suppose -4*v = -v - b. What is the remainder when w(-7) is divided by v?
15
Let k = -27 + 6. Let r = k + 37. Let t(u) = u**2 - 7*u + 30. What is the remainder when t(7) is divided by r?
14
Calculate the remainder when (-33528)/(-114) - ((-896)/152 + 6) is divided by 31.
15
Suppose -112 = 8*c - 10*c. What is the remainder when 47 is divided by (-32)/c - 179/(-7)?
22
Suppose -3*g + 268 = -4*j, 27*g - 436 = 22*g + 4*j. Calculate the remainder when 1425 is divided by g.
81
Suppose 5*o = t + 4*o - 47, 5*t - 195 = -3*o. Calculate the remainder when 120 is divided by t.
36
Let s = -160 + 178. Calculate the remainder when s is divided by 5.
3
Let t(d) = 2*d**3 + 35*d**2 - 34*d - 179. Calculate the remainder when t(-18) is divided by 28.
25
Let q(c) = -16*c + 21*c - 23*c + 3. Calculate the remainder when q(-3) is divided by 15.
12
Suppose -4*g + 468 = 128. Calculate the remainder when g is divided by 29 + (-11 - -11)/7.
27
Suppose 4*b - 36 = -4*j, 4*j = 6*b - 2*b + 52. Calculate the remainder when 47 is divided by j.
3
Let s(p) = -46*p + 10. Let d(a) = -a - 1. Let q(y) = 10*d(y) - s(y). What is the remainder when q(5) is divided by 41?
37
Suppose 0 = 2*x - 4*a - 6, -3*x + 1 = -2*x - 3*a. Let j be 1344/36*36/14. Let i = -56 + j. What is the remainder when i is divided by x?
5
Let j = -34 + 46. Calculate the remainder when 17 is divided by (20/j)/(2/6).
2
Let d = 696 - 686. What is the remainder when 15 is divided by d?
5
Suppose q - 3*r - 246 = 80, 5*q - 2*r - 1578 = 0. Calculate the remainder when q is divided by 35.
34
Let y(u) = -u - 2. Let c be y(-8). Let v(w) = c*w + w - w - w**2 + 6*w + 10. What is the remainder when 39 is divided by v(12)?
9
Suppose 0 = 4*f + 133 + 55. Let j = f - -92. Let k(z) = 5*z**2 + 3*z - 2. What is the remainder when j is divided by k(2)?
21
Let n = 45 + -21. Suppose -n = o - 4*o. Calculate the remainder when 19 is divided by o.
3
Suppose 10*k - 89 = -29. What is the remainder when 15 is divided by k?
3
Let h(t) = t**3 + 25*t**2 - 151*t + 42. Calculate the remainder when 273 is divided by h(-30).
57
Suppose 3*m + 2*f = f + 29, 0 = -3*m + f + 25. Suppose 0 = 3*c - o, -c + m = 2*c + 2*o. What is the remainder when 14 is divided by 0/8 + (6 - c)?
4
Suppose 2*i = -3*i - 5. What is the remainder when 38 is divided by (-1 - 5)*-1 - i?
3
Suppose -12 = -u + 2*h, -30*u + 33*u + 4*h = 66. What is the remainder when 44 is divided by u?
8
Suppose -11 = b - 3*m - 0*m, -m - 13 = 3*b. Let u(k) = -k**2 - 6*k + 1. Suppose -2407*a + 2402*a + 45 = 0. What is the remainder when a is divided by u(b)?
3
Let g(v) = v**3 + 1. Let i(p) = 4*p**3 + 5*p**2 - 4*p + 7. Let n(u) = -5*g(u) + i(u). Let r = 13 - 10. What is the remainder when 30 is divided by n(r)?
6
Suppose 168 + 144 = 3*j. Calculate the remainder when j is divided by 18.
14
Suppose 0 = -3*t + 13*t - 620. Let l = t + -42. What is the remainder when l is divided by 4?
0
Let d(n) = -n**2 - 23*n - 78. Calculate the remainder when d(-16) is divided by 5.
4
Let r = 82 - 82. Suppose 9*l = -r*l + 1314. What is the remainder when l is divided by 50?
46
Suppose -5 = 5*u + 5. Let o = u + -4. Let v = 0 - o. What is the remainder when 11 is divided by v?
5
Let n be -1*(164/(-6)